72231?
3
What is the ten thousands digit of 5511131?
1
What is the units digit of 1821047?
7
What is the ten thousands digit of 42107530?
0
What is the billions digit of 1817242598?
1
What is the ten thousands digit of 14221805?
2
What is the millions digit of 13864236?
3
What is the millions digit of 48471066?
8
What is the millions digit of 19264723?
9
What is the millions digit of 179252820?
9
What is the billions digit of 3869565086?
3
What is the ten millions digit of 16548233?
1
What is the ten millions digit of 311315700?
1
What is the ten millions digit of 657296672?
5
What is the ten thousands digit of 504967083?
6
What is the millions digit of 2156583268?
6
What is the hundred thousands digit of 304644612?
6
What is the hundred millions digit of 347940980?
3
What is the thousands digit of 182016229?
6
What is the ten thousands digit of 2749178394?
7
What is the millions digit of 1244580758?
4
What is the ten millions digit of 234470236?
3
What is the hundred thousands digit of 478759688?
7
What is the units digit of 383453698?
8
What is the tens digit of 72521056?
5
What is the billions digit of 2365962160?
2
What is the millions digit of 983322359?
3
What is the thousands digit of 399302448?
2
What is the units digit of 8249450444?
4
What is the ten millions digit of 21833650?
2
What is the units digit of 3575702725?
5
What is the ten thousands digit of 193885567?
8
What is the hundred millions digit of 2755797310?
7
What is the units digit of 855122556?
6
What is the hundred thousands digit of 66657078?
6
What is the billions digit of 1219053126?
1
What is the millions digit of 234182464?
4
What is the hundred millions digit of 433974485?
4
What is the ten thousands digit of 222933002?
3
What is the ten thousands digit of 2870814898?
1
What is the units digit of 191447087?
7
What is the ten thousands digit of 176224715?
2
What is the thousands digit of 88625088?
5
What is the millions digit of 6852766?
6
What is the hundreds digit of 943603142?
1
What is the units digit of 941520067?
7
What is the ten thousands digit of 863117189?
1
What is the hundreds digit of 37645008?
0
What is the millions digit of 2855808345?
5
What is the hundred thousands digit of 92613195?
6
What is the ten millions digit of 369991942?
6
What is the hundred thousands digit of 133924105?
9
What is the units digit of 20850681?
1
What is the hundred thousands digit of 78151876?
1
What is the units digit of 2417089172?
2
What is the millions digit of 240697379?
0
What is the tens digit of 140112594?
9
What is the hundred thousands digit of 1795855115?
8
What is the millions digit of 1246160956?
6
What is the tens digit of 299183255?
5
What is the millions digit of 116220492?
6
What is the ten thousands digit of 311808137?
0
What is the ten millions digit of 264390992?
6
What is the ten thousands digit of 260392900?
9
What is the tens digit of 1189653293?
9
What is the ten millions digit of 156215303?
5
What is the hundreds digit of 43407901?
9
What is the hundreds digit of 25201874?
8
What is the units digit of 324619219?
9
What is the billions digit of 8304218995?
8
What is the hundred millions digit of 618330683?
6
What is the units digit of 133761217?
7
What is the tens digit of 36215635?
3
What is the ten thousands digit of 3599193339?
9
What is the hundreds digit of 201685582?
5
What is the units digit of 1393825928?
8
What is the millions digit of 344615165?
4
What is the thousands digit of 4734944889?
4
What is the tens digit of 36878350?
5
What is the thousands digit of 30677235?
7
What is the ten millions digit of 67243237?
6
What is the hundreds digit of 1403801406?
4
What is the millions digit of 4169215431?
9
What is the hundred thousands digit of 68319383?
3
What is the hundred thousands digit of 1397988791?
9
What is the ten millions digit of 57591479?
5
What is the units digit of 32227719?
9
What is the units digit of 3259586797?
7
What is the units digit of 31358071?
1
What is the millions digit of 3500835728?
0
What is the hundred millions digit of 512343981?
5
What is the hundred millions digit of 679418189?
6
What is the units digit of 222979793?
3
What is the hundred thousands digit of 3814577353?
5
What is the hundred thousands digit of 979119706?
1
What is the ten thousands digit of 9574755?
7
What is the hundreds digit of 126508186?
1
What is the units digit of 22289908?
8
What is the ten millions digit of 235163055?
3
What is the thousands digit of 113331635?
1
What is the millions digit of 267347493?
7
What is the hundred thousands digit of 269361740?
3
What is the thousands digit of 70791594?
1
What is the hundred millions digit of 201005803?
2
What is the hundreds digit of 543195255?
2
What is the billions digit of 1220584927?
1
What is the tens digit of 185926526?
2
What is the thousands digit of 243759324?
9
What is the ten thousands digit of 1596031515?
3
What is the hundred millions digit of 394812519?
3
What is the tens digit of 368615957?
5
What is the ten millions digit of 336637632?
3
What is the ten millions digit of 87890137?
8
What is the ten millions digit of 1572920595?
7
What is the thousands digit of 82785433?
5
What is the hundreds digit of 251018854?
8
What is the millions digit of 5326168?
5
What is the ten thousands digit of 16178332?
7
What is the units digit of 45456558?
8
What is the hundred thousands digit of 108744924?
7
What is the ten millions digit of 126953871?
2
What is the units digit of 11599142?
2
What is the hundreds digit of 74051924?
9
What is the ten thousands digit of 47453834?
5
What is the ten millions digit of 71646608?
7
What is the units digit of 1171042235?
5
What is the millions digit of 1827488664?
7
What is the units digit of 103357117?
7
What is the ten thousands digit of 4489788993?
8
What is the units digit of 23516346?
6
What is the hundreds digit of 105283154?
1
What is the thousands digit of 1227048497?
8
What is the ten thousands digit of 81238670?
3
What is the hundred thousands digit of 46837358?
8
What is the hundred millions digit of 167215907?
1
What is the units digit of 7652474917?
7
What is the hundreds digit of 525438511?
5
What is the thousands digit of 60792082?
2
What is the hundreds digit of 11893355?
3
What is the thousands digit of 248568148?
8
What is the thousands digit of 47238141?
8
What is the tens digit of 932726724?
2
What is the hundreds digit of 1183449894?
8
What is the units digit of 7929882?
2
What is the units digit of 1614927592?
2
What is the ten thousands digit of 43196434?
9
What is the units digit of 53989235?
5
What is the tens digit of 62019596?
9
What is the hundred millions digit of 1882399303?
8
What is the units digit of 8352554202?
2
What is the hundred thousands digit of 7954886065?
8
What is the tens digit of 3128824195?
9
What is the millions digit of 22341178?
2
What is the ten millions digit of 43066031?
4
What is the tens digit of 120775691?
9
What is the units digit of 6995619?
9
What is the hundred thousands digit of 49946977?
9
What is the thousands digit of 2145586254?
6
What is the ten millions digit of 1622753409?
2
What is the ten thousands digit of 4538050662?
5
What is the units digit of 185013771?
1
What is the hundreds digit of 1014858?
8
What is the units digit of 640410745?
5
What is the thousands digit of 105559817?
9
What is the hundred thousands digit of 4077185824?
1
What is the hundreds digit of 474755?
7
What is the hundreds digit of 210194994?
9
What is the tens digit of 669420666?
6
What is the hundred millions digit of 859225345?
8
What is the units digit of 4034055291?
1
What is the thousands digit of 1268609931?
9
What is the tens digit of 309806151?
5
What is the hundred thousands digit of 283307138?
3
What is the units digit of 2132853701?
1
What is the tens digit of 7161882?
8
What is the ten thousands digit of 6462274?
6
What is the ten thousands digit of 3787249192?
4
What is the ten millions digit of 97552697?
9
What is the ten millions digit of 305169487?
0
What is the hundred thousands digit of 1192262397?
2
What is the billions digit of 1394699261?
1
What is the units digit of 36161058?
8
What is the hundreds digit of 158564910?
9
What is the ten millions digit of 848857135?
4
What is the hundred mi